5.
5, 9871, 10069
What are the prime factors of 105123773?
105123773
What are the prime factors of 223327804?
2, 7, 1319, 6047
List the prime factors of 128201578.
2, 73, 131, 6703
List the prime factors of 307708096.
2, 29, 317, 523
What are the prime factors of 136728524?
2, 4919, 6949
List the prime factors of 1107925178.
2, 553962589
List the prime factors of 190481685.
3, 5, 17, 181, 4127
What are the prime factors of 881198334?
2, 3, 2131, 22973
List the prime factors of 4152018.
2, 3, 13, 53231
List the prime factors of 2171165131.
19, 59, 61, 31751
What are the prime factors of 840377663?
61, 13776683
List the prime factors of 1807553308.
2, 11, 6269, 6553
What are the prime factors of 1581452348?
2, 7, 56480441
List the prime factors of 73089022.
2, 36544511
List the prime factors of 90518209.
90518209
List the prime factors of 1458318386.
2, 7, 104165599
What are the prime factors of 2179373058?
2, 3, 347, 348923
What are the prime factors of 19104917?
13, 307, 4787
List the prime factors of 16807071.
3, 5602357
What are the prime factors of 1052195998?
2, 7, 1283, 58579
List the prime factors of 177970651.
29, 6136919
What are the prime factors of 721894221?
3, 26736823
List the prime factors of 958548848.
2, 71, 843793
List the prime factors of 1641664662.
2, 3, 11, 24873707
List the prime factors of 529550628.
2, 3, 44129219
What are the prime factors of 55066415?
5, 97, 113539
List the prime factors of 3103292965.
5, 17, 181, 201709
List the prime factors of 475969300.
2, 5, 97, 49069
List the prime factors of 3262113152.
2, 67, 380377
What are the prime factors of 39688642?
2, 7, 17, 37, 4507
What are the prime factors of 63023603?
113, 557731
List the prime factors of 7638080.
2, 5, 23869
List the prime factors of 873971081.
3889, 224729
List the prime factors of 120082360.
2, 5, 89, 379
What are the prime factors of 234038096?
2, 31, 491
What are the prime factors of 2865829989?
3, 11, 5701, 15233
What are the prime factors of 192159489?
3, 149, 429887
What are the prime factors of 1016627901?
3, 4567, 74201
List the prime factors of 1650806067.
3, 550268689
List the prime factors of 1376281767.
3, 7, 17, 550733
What are the prime factors of 48751718?
2, 37, 658807
List the prime factors of 4031978518.
2, 29, 281, 247391
List the prime factors of 13903669.
13, 61, 89, 197
List the prime factors of 676178858.
2, 1867, 181087
List the prime factors of 31917450.
2, 3, 5, 389, 547
What are the prime factors of 31352384?
2, 7, 47, 1489
List the prime factors of 808949401.
13, 62226877
What are the prime factors of 108863774?
2, 41, 811, 1637
What are the prime factors of 66642758?
2, 7, 13, 366169
List the prime factors of 175861592.
2, 37, 47, 12641
What are the prime factors of 41394983?
7, 17, 107, 3251
What are the prime factors of 3005994?
2, 3, 73, 6863
List the prime factors of 86002865.
5, 13, 23, 57527
What are the prime factors of 2234153976?
2, 3, 227, 410087
What are the prime factors of 368555720?
2, 5, 13, 139, 5099
What are the prime factors of 3065510369?
19, 161342651
List the prime factors of 56972195.
5, 7, 347, 4691
What are the prime factors of 107669604?
2, 3, 7, 1281781
List the prime factors of 83238566.
2, 41619283
List the prime factors of 85126216.
2, 7, 809, 1879
List the prime factors of 124119384.
2, 3, 61, 149, 569
List the prime factors of 14164295.
5, 419, 6761
List the prime factors of 678837733.
7, 127, 763597
What are the prime factors of 16346465?
5, 719, 4547
What are the prime factors of 1185292886?
2, 71, 8347133
List the prime factors of 23682390.
2, 3, 5, 83, 9511
What are the prime factors of 640696?
2, 7, 17, 673
List the prime factors of 843713887.
31, 27216577
What are the prime factors of 49093044?
2, 3, 7, 11, 13, 61, 67
List the prime factors of 916348919.
37, 24766187
What are the prime factors of 62294708?
2, 7, 1409, 1579
List the prime factors of 55416977.
7, 11, 19, 37879
What are the prime factors of 29044341?
3, 29, 257, 433
List the prime factors of 259624585.
5, 11, 317, 14891
What are the prime factors of 65286085?
5, 1231, 10607
What are the prime factors of 39785337?
3, 67, 7331
What are the prime factors of 1173784736?
2, 19, 41, 47087
List the prime factors of 70988007.
3, 461, 51329
What are the prime factors of 3700424665?
5, 7, 6703, 15773
List the prime factors of 69594183.
3, 7732687
List the prime factors of 322542446.
2, 161271223
List the prime factors of 61069805.
5, 137, 89153
List the prime factors of 48639087.
3, 7, 211, 3659
List the prime factors of 134419501.
53, 2536217
What are the prime factors of 291722220?
2, 3, 5, 1620679
What are the prime factors of 1051732166?
2, 17, 30933299
List the prime factors of 3567835564.
2, 2659, 335449
What are the prime factors of 3745277139?
3, 1913, 652601
What are the prime factors of 209672003?
31, 6763613
What are the prime factors of 147906752?
2, 7, 330149
List the prime factors of 101299047.
3, 59, 572311
List the prime factors of 4391494329.
3, 163, 761, 11801
What are the prime factors of 1437483607?
7, 109, 1883989
What are the prime factors of 70295782?
2, 17, 19, 37, 173
List the prime factors of 97323437.
131, 347, 2141
What are the prime factors of 64554168?
2, 3, 7, 17, 3229
What are the prime factors of 8116633670?
2, 5, 349, 571, 4073
What are the prime factors of 1491762982?
2, 745881491
What are the prime factors of 124625663?
124625663
What are the prime factors of 7614007576?
2, 7, 503, 270307
What are the prime factors of 3721789040?
2, 5, 46522363
What are the prime factors of 543017603?
23, 23609461
List the prime factors of 1315474585.
5, 107, 2458831
List the prime factors of 409664975.
5, 16386599
List the prime factors of 3226498399.
89, 523, 69317
List the prime factors of 7649917522.
2, 13, 19, 3037, 5099
What are the prime factors of 597159104?
2, 79, 83, 1423
List the prime factors of 8444937425.
5, 17, 19870441
List the prime factors of 61135671.
3, 20378557
List the prime factors of 3172449926.
2, 79, 337, 59581
List the prime factors of 663048540.
2, 3, 5, 7, 11, 4349
List the prime factors of 1165157739.
3, 129461971
What are the prime factors of 35077606?
2, 1103, 15901
List the prime factors of 1782857861.
107, 149, 111827
What are the prime factors of 616512379?
7, 88073197
What are the prime factors of 23900410?
2, 5, 61, 39181
What are the prime factors of 65309413?
13, 457, 10993
What are the prime factors of 64221639?
3, 21407213
List the prime factors of 1307628232.
2, 673, 242873
List the prime factors of 475843795.
5, 7, 13595537
List the prime factors of 73841310.
2, 3, 5, 820459
What are the prime factors of 1952417609?
127, 647, 23761
List the prime factors of 144439181.
8293, 17417
What are the prime factors of 4296350750?
2, 5, 1999, 8597
List the prime factors of 667730.
2, 5, 7, 9539
List the prime factors of 91858445.
5, 7, 19, 47, 2939
List the prime factors of 1133558134.
2, 566779067
What are the prime factors of 88360260?
2, 3, 5, 19, 77509
List the prime factors of 28639465.
5, 449, 12757
What are the prime factors of 9446445012?
2, 3, 17, 46306103
List the prime factors of 59762547.
3, 13, 353, 1447
What are the prime factors of 102806217?
3, 11422913
What are the prime factors of 76956295?
5, 13, 1183943
List the prime factors of 262274762.
2, 107, 757, 1619
List the prime factors of 6378391.
53, 151, 797
List the prime factors of 615377864.
2, 76922233
What are the prime factors of 208989167?
29, 7206523
What are the prime factors of 829694943?
3, 7, 11, 31, 3511
What are the prime factors of 770391089?
13, 59260853
What are the prime factors of 36270561?
3, 29, 73, 5711
List the prime factors of 1363556863.
23, 101, 586981
What are the prime factors of 253179507?
3, 7, 12056167
List the prime factors of 351718612.
2, 7, 29, 433151
List the prime factors of 63241997.
7, 13, 1091
What are the prime factors of 716770819?
83, 1093, 7901
What are the prime factors of 162511389?
3, 19, 29, 32771
What are the prime factors of 136397317?
7, 19485331
What are the prime factors of 1301330583?
3, 7, 197, 4993
List the prime factors of 448691252.
2, 2939, 38167
What are the prime factors of 2089205616?
2, 3, 17, 83, 109, 283
List the prime factors of 33443375.
5,